{"id":3289,"date":"2012-04-03T11:19:01","date_gmt":"2012-04-03T11:19:01","guid":{"rendered":"http:\/\/test.mediasys24.de\/?page_id=3289"},"modified":"2016-12-02T19:15:44","modified_gmt":"2016-12-02T19:15:44","slug":"webdesign-und-firmenpraesentation","status":"publish","type":"page","link":"https:\/\/www.mediasys24.de\/cms\/webdesign-und-firmenpraesentation\/","title":{"rendered":"Webdesign und Firmenpr\u00e4sentation"},"content":{"rendered":"<p><img loading=\"lazy\" class=\"size-thumbnail wp-image-3277 alignleft\" title=\"internet-slider\" src=\"https:\/\/www.mediasys24.de\/wp-content\/uploads\/2012\/04\/intenet-slider-150x150.jpg\" alt=\"\" width=\"150\" height=\"150\" srcset=\"https:\/\/www.mediasys24.de\/wp-content\/uploads\/2012\/04\/intenet-slider-150x150.jpg 150w, https:\/\/www.mediasys24.de\/wp-content\/uploads\/2012\/04\/intenet-slider-80x80.jpg 80w\" sizes=\"(max-width: 150px) 100vw, 150px\" \/><\/p>\n<p>Das Medium Internet wird zunehmend wichtiger. Ca. 58% der Bundesb\u00fcrger gehen regelm\u00e4\u00dfig online, recherchieren und kaufen bei Internetplattformen ein. Auch die einfache Webvisitenkarte von Firmen wird zunehmend wichtiger.<\/p>\n<p>Telefon- und Gewerbeeintr\u00e4ge in einschl\u00e4gig bekannten Portalen kosten kommulativ ein Vielfaches mehr als eine eigene Internetpr\u00e4senz.<\/p>\n<p>Wir bringen Sie und Ihre Firma ins Internet, gestalten f\u00fcr Sie das gesamte visuelle Erscheinungsbild <strong>Corporate Design<\/strong> [\u00b4korporeted di\u00b4zain].<\/p>\n<p>Barrierefreie Internetseiten werden zunehmend wichtiger. Ihre Internetseite sollte f\u00fcr alle Menschen, unabh\u00e4ngig von ihren k\u00f6rperlichen und\/oder technischen M\u00f6glichkeiten uneingeschr\u00e4nkt genutzt werden k\u00f6nnen. Wir legen Wert auf barrierearme Gestaltung Ihrer Pr\u00e4senz.<\/p>\n<p>Diese Dienstleistungen bieten wir Ihnen an&#8230;<br \/>\n<ul class=\"check\">\n<ul>\n<li>Beratung, Planung und Gestaltung der Website nach neuestem Stand der Technik in Flash, Html, XML<\/li>\n<li>Datenbanken PHP, MySQL, Perl etc.<\/li>\n<li>Erstellung eines individuellen Designkonzepts und regelm\u00e4\u00dfige Aktualisierung und Pflege<\/li>\n<li>Graphische Arbeiten (Bilder, Hintergr\u00fcnde, Elemente, Logo)<\/li>\n<li>E-Mail Funktionen (Formulare)<\/li>\n<li>Suchmaschinen Anmeldung mit Meta-Tag Optimierung<\/li>\n<li>Providerwahl, Domainregistrierung, Einrichtung auf dem Server, Root- und Dedicated Server<\/li>\n<li>Erstellen von Backups<\/li>\n<li>Einrichten von Online-Shops und sonstigen Verkaufsportalen<\/li>\n<\/ul>\n<\/ul><\/p>\n","protected":false},"excerpt":{"rendered":"<p>Das Medium Internet wird zunehmend wichtiger. Ca. 58% der Bundesb\u00fcrger gehen regelm\u00e4\u00dfig online, recherchieren und kaufen bei Internetplattformen ein. Auch die einfache Webvisitenkarte von Firmen wird zunehmend wichtiger. Telefon- und Gewerbeeintr\u00e4ge in einschl\u00e4gig bekannten Portalen kosten kommulativ ein Vielfaches mehr als eine eigene Internetpr\u00e4senz. Wir bringen Sie und Ihre Firma ins Internet, gestalten f\u00fcr Sie das gesamte visuelle Erscheinungsbild Corporate Design [\u00b4korporeted di\u00b4zain]. Barrierefreie Internetseiten werden zunehmend wichtiger. Ihre Internetseite sollte f\u00fcr alle Menschen, unabh\u00e4ngig von ihren k\u00f6rperlichen und\/oder technischen M\u00f6glichkeiten uneingeschr\u00e4nkt genutzt werden k\u00f6nnen. Wir legen Wert auf barrierearme Gestaltung Ihrer Pr\u00e4senz. Diese Dienstleistungen bieten wir Ihnen an&#8230;<\/p>\n","protected":false},"author":1,"featured_media":3277,"parent":0,"menu_order":0,"comment_status":"closed","ping_status":"closed","template":"twocolumn-page.php","meta":[],"_links":{"self":[{"href":"https:\/\/www.mediasys24.de\/cms\/wp-json\/wp\/v2\/pages\/3289"}],"collection":[{"href":"https:\/\/www.mediasys24.de\/cms\/wp-json\/wp\/v2\/pages"}],"about":[{"href":"https:\/\/www.mediasys24.de\/cms\/wp-json\/wp\/v2\/types\/page"}],"author":[{"embeddable":true,"href":"https:\/\/www.mediasys24.de\/cms\/wp-json\/wp\/v2\/users\/1"}],"replies":[{"embeddable":true,"href":"https:\/\/www.mediasys24.de\/cms\/wp-json\/wp\/v2\/comments?post=3289"}],"version-history":[{"count":17,"href":"https:\/\/www.mediasys24.de\/cms\/wp-json\/wp\/v2\/pages\/3289\/revisions"}],"predecessor-version":[{"id":3830,"href":"https:\/\/www.mediasys24.de\/cms\/wp-json\/wp\/v2\/pages\/3289\/revisions\/3830"}],"wp:featuredmedia":[{"embeddable":true,"href":"https:\/\/www.mediasys24.de\/cms\/wp-json\/wp\/v2\/media\/3277"}],"wp:attachment":[{"href":"https:\/\/www.mediasys24.de\/cms\/wp-json\/wp\/v2\/media?parent=3289"}],"curies":[{"name":"wp","href":"https:\/\/api.w.org\/{rel}","templated":true}]}}